 b?
1
What is the thousands digit of 58/(-87) - (6806/(-3) - 0)?
2
Let d(m) = 26*m**2 + 306*m + 27. What is the tens digit of d(-20)?
0
Let k(u) = -22*u + 5. Let x(b) = -b + 1. Let t(i) = 2*k(i) - 18*x(i). Let f(l) = 25*l + 8. Let p(h) = -4*f(h) - 5*t(h). What is the units digit of p(3)?
8
Suppose 0 = -0*w + 3*w - 2*q - 184853, 3*w + 5*q = 184846. What is the thousands digit of w?
1
Suppose 29*w + 412307 = -67*w + 4576499. What is the units digit of w?
7
Suppose -4*m - 2220 = -0*a - 4*a, 5*a - 3*m - 2785 = 0. Let b = a + 25. What is the units digit of b?
5
Suppose -6*i + 4*i + 304 = -286. Suppose -r - 303 = -4*r. Suppose c = -r + i. What is the tens digit of c?
9
Suppose 35 = -f + 2*f - l, -2*f = -3*l - 71. Let t be -41 + f/(-10) + (-12)/20. Let j = 49 + t. What is the units digit of j?
4
Let k(y) = -23*y - 41. Let m(h) = -13*h**3 + 2*h**2 - h. Let d be (-9)/18*-1*2. Let i be m(d). What is the units digit of k(i)?
5
Let x = -1351 + 1406. Suppose 0 = s + j - 215, 2*s - 66 = -j + 359. Let k = s - x. What is the units digit of k?
5
Let x = -34 + 37. Suppose 2*r + 3*n = 864, -r - n + x + 431 = 0. What is the hundreds digit of r?
4
Suppose 7*h + 15 = 8. Let i(b) = -74*b**3 - b**2 - b + 1. Let r be i(h). Let q = 131 - r. What is the tens digit of q?
5
Let f(z) = 6*z + 5. Suppose 2*q + 0*y - 2 = 3*y, -2*q + 4 = -4*y. Let n be f(q). Let g(k) = -k**3 - 7*k**2 + 6. What is the units digit of g(n)?
6
Let k(b) = -5*b**3 - 19*b**2 + 16*b - 21. Let u be k(11). What is the tens digit of (u/(-12))/1 + 16/(-64)?
3
Let a(c) = -39*c**2 + c. Let q be a(-1). Let g be 10/7 - q/70. Suppose g*r = -11*r + 1040. What is the tens digit of r?
8
Suppose 15*r - 11*r = 3*m - 25, -5*r = 3*m - 16. Suppose q - 2*w + m*w - 676 = 0, 3*q + 5*w = 2078. What is the units digit of q?
1
Let f = -37 - -40. Suppose f*r = 4*b + 3, -6*b - 2*r + 19 = -3*b. Suppose -b*s = 6*s - 1233. What is the hundreds digit of s?
1
Let x = 7351 + -5111. Suppose -5*o - 155*z = -157*z - 24, o = -2*z + 12. Suppose -16*j = -o*j - x. What is the hundreds digit of j?
2
Suppose -33164 - 97783 = -20*g + 358433. What is the hundreds digit of g?
4
Let y(f) = 81*f + 5. Let c(t) = t + 1. Let s(d) = -2*d**2 - 10*d - 7. Let b be s(-4). Let q(r) = b*y(r) - 6*c(r). What is the units digit of q(2)?
9
Let s be 2/9 - (-223)/9. Let h = 29 - s. Suppose -r - h*v = -0*r - 88, r - 94 = 2*v. What is the units digit of r?
2
Suppose 4*p + 4974 = -2698. Let z = -380 - p. What is the hundreds digit of z?
5
Let c be (-115)/((-10)/(-2))*(1 - 2). Suppose 3*w + 2*p = 87, -5*w + 2*p + 122 = -c. What is the units digit of 2/12 + w/6?
5
Let d(w) = 8*w**2 + 24*w + 31. What is the units digit of d(-4)?
3
Let s(u) = -6*u**2 + 26*u - 317. Let x be s(11). Let l = -438 - x. What is the hundreds digit of l?
3
Suppose -46*z = -3*z - 465131. What is the thousands digit of z?
0
Let s = -116 - -118. Suppose -s*g + 1583 = 5*j + 198, -g = 2*j - 554. What is the hundreds digit of j?
2
What is the hundreds digit of (-9 - -24549) + 14 + -10?
5
Let w = 57 + -100. Let v = w - -42. What is the units digit of -150*v*16/20?
0
What is the hundreds digit of (-123111)/(-2) + 9*5/(-90)?
5
Let d(v) = 7*v - 33. Let w be d(5). Suppose -6*t + w*t + 1604 = 0. What is the tens digit of t?
0
Let h(d) = -573*d + 1. Let v be h(-1). Suppose 17 = -3*b + 38. Suppose -7*u = b*u - v. What is the units digit of u?
1
Suppose 5*k - 15*t + 18*t - 192748 = 0, 0 = 4*k + 4*t - 154208. What is the tens digit of k?
4
Let s = 53167 - 25993. What is the units digit of s?
4
Let z(a) = -31*a**3 - 16*a**2 + 69*a - 16. What is the ten thousands digit of z(-10)?
2
Suppose -4*n + 78574 = -5*f, -43 + 37 = -3*f. What is the hundreds digit of n?
6
Suppose -30 = -t + 14. Let n = t - 40. Suppose -2*o + n*h = -39 + 1, 0 = 4*o + h - 94. What is the tens digit of o?
2
Let r = -24 + -61. Let f = r - -87. Suppose -2*b - f*t = -520, -b - 781 = -4*b - 4*t. What is the tens digit of b?
5
Let h(a) = 4341*a**2 - 16*a - 12. What is the tens digit of h(-1)?
4
Suppose 0 = -2*r + 5*a - 11, 3*r + 2*a - 5 = 7. Suppose 0 = -r*z - 4*z - 108. Let w = -1 - z. What is the tens digit of w?
1
What is the tens digit of (2 - (-585)/20) + 9/(-36)?
3
What is the tens digit of (-1)/(6/(-171)*90/6900)?
8
Suppose 3*f - 16*g + 20*g = 39550, 3*g - 39543 = -3*f. What is the tens digit of f?
7
Let c(g) be the second derivative of -19*g**3/6 - 2*g**2 - 111*g. Let y(d) = -d**3 - 4*d**2 - d - 5. Let m be y(-4). What is the units digit of c(m)?
5
Suppose 493280 + 1219904 = 62*p. What is the ten thousands digit of p?
2
Suppose -5*w - d + 42225 = 0, -w + 47*d - 44*d = -8461. What is the units digit of w?
6
Let n = 509 - 59. Let t = -231 + n. What is the tens digit of t?
1
Let r(x) be the second derivative of 2*x + 3*x**2 + 1/10*x**5 + 0 - 5/12*x**4 - 1/3*x**3. What is the tens digit of r(4)?
4
Let u be -6 - ((5 - 35/5) + -9). Suppose u*c - 3467 = 188. What is the hundreds digit of c?
7
Let l(v) be the third derivative of 9*v**5/20 - 7*v**4/24 - 5*v**3/6 + v**2 + 3. What is the tens digit of l(-1)?
2
Suppose -5*a + 19*a - 1302 = 0. Suppose -a*r = -76*r - 7021. What is the tens digit of r?
1
Suppose -339 = 90*v - 89*v. Let y = v + 689. What is the tens digit of y?
5
Suppose -5*g + 10107 = 3*r, -25*r + 24*r + g + 3377 = 0. What is the hundreds digit of r?
3
Suppose 0 = -96*b + 328723 + 455117. What is the units digit of b?
5
Suppose -2*p = 4*v - 0*v + 42, -28 = v - 3*p. What is the units digit of 2 + 0 - 3627/v?
1
What is the thousands digit of (1 + -1 + 2)/(-34 + 7942755/233610)?
1
Let q(n) = -4801*n + 2051. What is the thousands digit of q(-12)?
9
Let q = 332 + -328. Suppose -32*i + 29*i = -q*z + 2447, z - i - 612 = 0. What is the tens digit of z?
1
Let d(f) be the third derivative of 19*f**5/60 + f**4/24 + 11*f**2. Let r be d(2). What is the units digit of 12/r - (-518)/13?
0
Let n = 507 + -500. Let c = -4 - -8. Suppose -n*m = -c*m - 732. What is the units digit of m?
4
Let g(w) = 18*w - 15. Let v = 66 - 61. Let s be g(v). Suppose -3*c + s + 102 = 2*p, -6 = -2*c. What is the tens digit of p?
8
Suppose 17*z = 69 + 16. Suppose 5*u + z*s = 63 + 212, -3*s - 59 = -u. What is the tens digit of u?
5
Suppose 350*k - 540831 - 904669 = 0. What is the hundreds digit of k?
1
Let q be 8 - 3*(-35)/(-15). What is the hundreds digit of (1 + -269*q)/((-2)/5)?
6
Suppose 2*q - 2397 = 4*k - 7*k, 2*q + 2409 = 3*k. Let g = k - 382. What is the tens digit of g?
1
Suppose 4*d = -5*y - 16 - 28, d = -5*y - 41. Let m = 7 - y. Let q(j) = -j**3 + 16*j**2 - 9*j - 16. What is the tens digit of q(m)?
7
Let z(o) = -2*o - 8. Let u be z(-5). Let n be -192 - u*3/(-6). What is the tens digit of 2/(-4) - n*6/12?
9
Suppose 0 = -29*p + 253923 + 1166567 - 291636. What is the ten thousands digit of p?
3
Let o = -21 + -29. Let r = -46 - o. Suppose -3*n = 2*n - 5*s - 910, -r*n = -3*s - 728. What is the tens digit of n?
8
Suppose 89 = 4*f - 4*n - 115, -4*n - 100 = -2*f. Let z = f - -20. Suppose 5*p - 13*p + z = 0. What is the units digit of p?
9
Suppose 173*j - 70 = 168*j. What is the units digit of (-60)/210 + 1922/j?
7
Let y = 785 + -749. Let q = 56 - 39. Suppose 0 = -20*u + q*u + y. What is the units digit of u?
2
Suppose 10*h = 108 + 502. Let p = h + 244. What is the tens digit of p?
0
Suppose 7*g - 6*g - 8 = 0. Let h be (-428)/g*-4 + -3. Suppose t + 2*x - h = -4*t, -2*t = -4*x - 94. What is the units digit of t?
3
Let w be 3 + (4 - 0) + 43. Let h = w + -48. Suppose 0*c + 90 = c + h*r, -3*c + 266 = 2*r. What is the tens digit of c?
8
Let m = -29 + 34. Suppose -m*s + 4069 - 1189 = 0. What is the units digit of s?
6
Let x = -532 - -1056. Let a = 739 - x. What is the tens digit of a/35*2*7?
8
Suppose 3*w - 3*t - 3083 = 4429, -2*w + 5035 = -5*t. What is the thousands digit of w?
2
Let o be 2/2 + (1 - -2). Suppose -40 = 4*k - i, -o*i + 0 = 2*k + 2. What is the units digit of (-456)/k + (-3)/(-9)?
1
Let n = 62143 + -19957. What is the tens digit of n?
8
Suppose 37375 = 47*w - 137888. What is the thousands digit of w?
3
Suppose m + 43*v - 37245 = 45*v, 11*v = -2*m + 74550. What is the hundreds digit of m?
2
Suppose 0 = -53*b + 307807 + 278532. What is the ten thousands digit of b?
1
Suppose 255 = 5*c + 2*g, -5*g + 255 = -c + 6*c. Suppose 47*v + 596 = c*v. What is the hundreds dig